o base 3
121121021022101
1c7a042 (base 13) to base 9
18785366
Convert 10231000 (base 4) to base 10.
19264
Convert -651611 (base 11) to base 13.
-2a6127
What is 18494c (base 16) in base 2?
110000100100101001100
What is -2640785 (base 11) in base 8?
-21333544
What is -3322443101 (base 5) in base 15?
-97d6bb
What is 3310032001 (base 4) in base 6?
33235041
What is d176 (base 14) in base 10?
35972
Convert 347d39 (base 16) to base 6.
201421333
-3b7f4e (base 16) to base 15
-5204c9
1114061 (base 9) to base 5
123200042
Convert 112224301 (base 5) to base 16.
7c0ac
Convert 4004000430 (base 5) to base 4.
132002220223
What is 39a63 (base 13) in base 2?
11010001011011011
What is 654745 (base 9) in base 16?
5f5df
What is -39942a (base 16) in base 5?
-1431222412
-1111110110122 (base 3) to base 8
-3023371
100110010110001001 (base 2) to base 3
21222110020
Convert 4741061 (base 9) to base 6.
131000131
Convert 1155405 (base 9) to base 3.
1011212110012
What is -4aa4e (base 16) in base 11?
-199788
23495 (base 12) to base 2
1011100011110001
-4060b (base 15) to base 12
-99b85
Convert -104c9 (base 16) to base 12.
-32775
11020345 (base 8) to base 11
13779a0
What is -120234223 (base 5) in base 4?
-2013220223
126564 (base 8) to base 6
541324
Convert 266723 (base 8) to base 14.
261b5
-1231501 (base 8) to base 14
-8c2ad
What is 11011122020 (base 3) in base 13?
2b4b5
Convert -1b665 (base 12) to base 2.
-1001111011101101
-244044140 (base 5) to base 14
-2226ab
45235202 (base 6) to base 10
1373618
Convert 662252 (base 7) to base 11.
7a228
-b492a (base 15) to base 8
-2136030
-1235567 (base 8) to base 16
-53b77
Convert -200553a (base 11) to base 6.
-204033053
-2222220112 (base 3) to base 9
-88815
1b02b3 (base 12) to base 10
477351
What is 11000001111011011 (base 2) in base 14?
28283
20503160 (base 7) to base 13
4885c4
Convert -3006522 (base 9) to base 12.
-651502
Convert -32672532 (base 8) to base 6.
-410535402
What is -25804 (base 9) in base 3?
-212220011
What is -2101222000211 (base 3) in base 10?
-1278688
What is -1014521454 (base 6) in base 15?
-de1967
10d917 (base 14) to base 16
8c731
Convert -975332 (base 11) to base 6.
-53225331
-110101011101111110 (base 2) to base 7
-1601334
Convert -50767 (base 9) to base 4.
-20022121
What is -2527d (base 14) in base 12?
-4483b
What is f3526 (base 16) in base 3?
1212122010211
Convert 1a866 (base 12) to base 11.
27539
What is 112312203211 (base 4) in base 3?
102021100121011
What is -a613b0 (base 14) in base 7?
-65463110
-7972017 (base 10) to base 5
-4020101032
-463246 (base 7) to base 16
-1436b
Convert 3b5925 (base 13) to base 7.
15146651
131000220233 (base 4) to base 8
35005057
Convert 1011010101110100110 (base 2) to base 14.
99606
What is -14a913 (base 11) in base 13?
-826a2
Convert 202113231 (base 4) to base 15.
2baa6
-3a05 (base 15) to base 13
-5834
Convert -270647 (base 14) to base 8.
-5104407
What is 21304043 (base 8) in base 9?
8514720
10211320022 (base 4) to base 9
2234168
What is 341413202 (base 5) in base 2?
101110001100001010000
1b6633 (base 13) to base 10
699702
100110111101101110111 (base 2) to base 13
3591c9
Convert 105444410 (base 6) to base 8.
7340766
33265424 (base 8) to base 3
111111022112112
Convert -70037 (base 13) to base 4.
-300310211
56cdc3 (base 14) to base 3
12120010212012
Convert 35837 (base 12) to base 16.
1196b
What is 43335512 (base 6) in base 16?
13a804
What is 114010034 (base 5) in base 13?
15813c
101111425 (base 6) to base 11
a86089
Convert -717745 (base 8) to base 14.
-627d3
Convert -25988 (base 12) to base 3.
-2121122212
Convert 2761618 (base 9) to base 14.
2b6ac7
What is 1450256 (base 8) in base 15?
82965
-5ad0a (base 14) to base 3
-102021122010
-123210320100 (base 4) to base 8
-33447020
What is 8d3786 (base 15) in base 3?
110200200100000
What is -63708 (base 11) in base 16?
-16a16
What is 15582 (base 10) in base 11?
10786
140301225 (base 6) to base 8
12611521
-1cb20 (base 15) to base 11
-64389
What is -156709 (base 14) in base 2?
-10110110100011100101
144ce1 (base 16) to base 9
2446863
Convert -40079 (base 10) to base 4.
-21302033
Convert 1332223113 (base 4) to base 14.
d7143
Convert 56d80 (base 14) to base 6.
4305444
Convert -4444276 (base 11) to base 12.
-273a971
Convert 198153 (base 10) to base 6.
4125213
What is 461402 (base 9) in base 5?
32322432
Convert -3100021011 (base 4) to base 10.
-852549
What is -a597b3 (base 13) in base 5?
-1443024322
Convert 12100212011 (base 3) to base 15.
21451
Convert 10111000021110 (base 3) to base 12.
752a03
What is 220102133220 (base 4) in base 9?
21776603
Convert -a04b06 (base 13) to base 9.
-7004714
What is -148139 (base 11) in base 13?
-80b61
-12313312 (base 4) to base 2
-110110111110110
What is 1332045 (base 6) in base 10?
74333
Convert 10000110010000000100 (base 2) to base 15.
acde7
93246 (base 11) to base 5
13323204
Convert 650554 (base 7) to base 4.
123213223
3352112 (base 7) to base 13
117530
Convert 1433826 (base 10) to base 8.
5360342
-7315 (base 13) to base 7
-64240
11277571 (base 9) to base 8
24726747
Convert aa75b2 (base 14) to base 4.
112003303120
Convert -b8222 (base 12) to base 13.
-86345
What is -78bb9 (base 16) in base 10?
-494521
What is 41141023 (base 5) in base 8?
1214100
Convert -2102201342 (base 5) to base 9.
-8135848
ccc70 (base 15) to base 14
12d261
835d2 (base 14) to base 4
1031110310
Convert 10414023 (base 5) to base 3.
11122212122
What is 4524054 (base 8) in base 7?
13251503
What is 341601 (base 8) in base 6?
2251041
Convert c2c37c (base 13) to base 16.
4544dc
Convert -b9683 (base 12) to base 10.
-244611
b8a8d (base 16) to base 4
2320222031
Convert -101a287 (base 11) to base 4.
-12313122221
Convert 3b2a36 (base 12) to base 4.
3233021022
Convert -aa98676 (base 11) to base 14.
-282b358
Convert 2431476 (base 10) to base 11.
1410893
Convert 24214175 (base 8) to base 7.
63113465
What is -38ad57 (base 15) in base 9?
-5104871
Convert 88022 (base 11) to base 6.
2423400
Convert 111001100001010111001 (base 2) to base 13.
50cc00
What is 1268134 (base 11) in base 15?
2d4895
-88aaa (base 15) to base 5
-102400120
What is 2222003 (base 6) in base 13?
3bc10
Convert 4821 (base 9) to base 4.
313333
232222133230 (base 4) to base 5
11112421214
-1161a74 (base 15) to base 11
-703aaa4
-240547 (base 9) to base 6
-3034154
442a5 (base 16) to base 11
180853
4525260 (base 7) to base 3
1001111221110
What is 504332412 (base 6) in base 4?
200312222120
What is -100011110111010111001010 (base 2) in base 4?
-203313113022
250fa6 (base 16) to base 4
21100332212
What is 7144b (base 13) in base 16?
3186f
-126a75 (base 12) to base 8
-1116171
What is 116212441 (base 7) in base 10?
7331164
What is 996d (base 14) in base 5?
1322212
Convert 1a01cb (base 15) to base 13.
35434a
Convert a7c92 (base 16) to base 5.
133443000
What is 1d4b8 (base 15) in base 13?
3466a
What is -1101212011012 (base 3) in base 15?
-eabbb
What is -414101030 (base 5) in base 2?
-110100000100110010110
What is 11110011011111100 (base 2) in base 11?
85735
-147403 (base 8) to base 9
-80623
Convert b0bbb (base 16) to base 11.
454970
Convert 7604e0 (base 15) to base 13.
121a340
What is 224132103 (base 5) in base 6?
33314022
Convert 22002212101120 (base 3) to base 5.
2100323241
Convert -562032 (base 13) to base 7.
-23162655
-b283a (base 12) to base 6
-4553314
What is -313301130 (base 5) in base 10?
-1306415
-290a21 (base 15) to base 16
-1e2950
Convert 13402202 (base 6) to base 13.
12a68b
What is -4e360 (base 15) in base 2?
-111101001010010011
What is 1025634 (base 7) in base 5?
12440420
3162152 (base 8) to base 7
10116166
What is 59d1d (base 16) in base 14?
98109
What is -4288e (base 16) in base 2?
-1000010100010001110
What is 22a53 (base 16) in base 9?
235584
1752 (base 15) to base 5
130102
Convert 551431502 (base 6) to base 4.
211230003332
-10001100011010011 (base 2) to base 14
-1c2b1
Convert -388357 (base 10) to base 15.
-7a107
2a810 (base 13) to base 6
1420253
Convert 312122 (base 8) to base 11.
70847
-1452120 (base 6) to base 16
-14af0
Convert 468360 (base 9) to base 4.
1010301123
Convert 813879 (base 12) to base 2.
111101100101000011101
What is 6211315 (base 8) in base 4?
12101023031
Convert -7335955 (base 11) to base 12.
-43b9bbb
Convert 1ea992 (base 16) to base 14.
3a4470
-8f988 (base 16) to base 2
-100